f 13?
False
Is 11 a factor of 1243?
True
Is 9 a factor of 26602?
False
Is 14 a factor of 9074?
False
Is 42 a factor of 2352?
True
Is 82 a factor of 23698?
True
Is 73498 a multiple of 396?
False
Does 11 divide 2288?
True
Is 3338 even?
True
Does 7 divide 99?
False
Is 20 a factor of 3960?
True
Does 15 divide 1530?
True
Is 9114 a multiple of 42?
True
Is 310 a multiple of 62?
True
Is 6822 a multiple of 40?
False
Does 117 divide 16854?
False
Is 48 a multiple of 2?
True
Is 10 a factor of 490?
True
Is 2 a factor of 70?
True
Is 46 a factor of 2024?
True
Is 868 a multiple of 7?
True
Is 46 a factor of 391?
False
Is 75 a multiple of 14?
False
Is 9 a factor of 1321?
False
Does 13 divide 676?
True
Is 93923 a multiple of 114?
False
Does 157 divide 1989?
False
Is 4362 a multiple of 14?
False
Does 38 divide 341?
False
Is 4 a factor of 2890?
False
Does 5 divide 1070?
True
Does 16 divide 8038?
False
Is 27975 a multiple of 25?
True
Is 5670 a multiple of 30?
True
Does 53 divide 11302?
False
Is 22 a factor of 7788?
True
Is 169 a multiple of 4?
False
Is 1368 a multiple of 19?
True
Is 3 a factor of 23532?
True
Is 984 a multiple of 8?
True
Is 16 a factor of 2970?
False
Is 17 a factor of 68?
True
Does 2 divide 35?
False
Is 17 a factor of 126173?
False
Is 1680 a multiple of 84?
True
Is 29 a factor of 2215?
False
Is 15 a factor of 3855?
True
Is 499 a multiple of 15?
False
Is 23349 a multiple of 8?
False
Is 4098 a multiple of 23?
False
Does 142 divide 11218?
True
Does 6 divide 420?
True
Is 13188 a multiple of 32?
False
Does 59 divide 40427?
False
Does 3 divide 261?
True
Does 8 divide 14280?
True
Does 49 divide 99372?
True
Is 2 a factor of 530?
True
Is 23 a factor of 3837?
False
Does 21 divide 147?
True
Is 26 a factor of 156?
True
Is 8 a factor of 824?
True
Is 101 a multiple of 39?
False
Is 5402 a multiple of 153?
False
Does 106 divide 16949?
False
Does 33 divide 1921?
False
Is 102 a factor of 144595?
False
Does 51 divide 5411?
False
Is 573 a multiple of 13?
False
Does 100 divide 2079?
False
Does 9 divide 25925?
False
Is 28 a factor of 370?
False
Is 10 a factor of 9972?
False
Is 24 a multiple of 6?
True
Does 24 divide 3576?
True
Is 47 a factor of 9312?
False
Is 8153 a multiple of 31?
True
Is 11135 a multiple of 19?
False
Is 922 a multiple of 6?
False
Is 271 a factor of 2403?
False
Is 47 a factor of 13093?
False
Is 3069 a multiple of 9?
True
Is 393 a multiple of 24?
False
Does 65 divide 1755?
True
Is 12546 a multiple of 32?
False
Does 36 divide 6569?
False
Is 16188 a multiple of 141?
False
Is 5828 a multiple of 31?
True
Is 24 a factor of 594?
False
Is 540 a multiple of 54?
True
Is 380 a multiple of 5?
True
Is 540 a multiple of 15?
True
Is 18 a factor of 6872?
False
Is 373 a factor of 58943?
False
Does 107 divide 1070?
True
Is 37760 a multiple of 59?
True
Does 20 divide 144?
False
Is 106 even?
True
Is 10 a factor of 1166?
False
Does 23 divide 10856?
True
Is 51 a factor of 918?
True
Is 3526 a multiple of 2?
True
Is 23 a factor of 4301?
True
Does 2 divide 1052?
True
Is 10 a factor of 2160?
True
Is 136 a multiple of 4?
True
Does 97 divide 7048?
False
Does 63 divide 123984?
True
Is 420 a multiple of 42?
True
Is 4981 a multiple of 17?
True
Does 14 divide 56?
True
Does 141 divide 859?
False
Is 11 a factor of 4411?
True
Does 40 divide 52186?
False
Is 3 a factor of 57?
True
Does 8 divide 1771?
False
Is 120 a multiple of 24?
True
Does 125 divide 1500?
True
Is 28344 a multiple of 9?
False
Is 2 a factor of 511?
False
Is 5 a factor of 20220?
True
Is 119063 a multiple of 233?
True
Is 6968 a multiple of 49?
False
Does 11 divide 2035?
True
Is 485 a multiple of 9?
False
Is 193 a factor of 35512?
True
Is 10 a factor of 5310?
True
Is 10 a factor of 82?
False
Is 7 a factor of 1736?
True
Is 17 a factor of 11611?
True
Does 6 divide 178?
False
Does 6 divide 8826?
True
Does 11 divide 488?
False
Is 97 a multiple of 3?
False
Is 4312 a multiple of 8?
True
Is 25 a factor of 2225?
True
Is 104 a factor of 6136?
True
Is 5214 a multiple of 33?
True
Does 54 divide 9676?
False
Is 17 a factor of 935?
True
Does 168 divide 7412?
False
Does 4 divide 655?
False
Does 9 divide 21897?
True
Is 16 a factor of 171?
False
Does 130 divide 5431?
False
Does 4 divide 1166?
False
Is 3279 a multiple of 30?
False
Is 374 a factor of 39492?
False
Is 14 a factor of 2128?
True
Is 8483 a multiple of 16?
False
Does 100 divide 8784?
False
Does 9 divide 73215?
True
Does 4 divide 296?
True
Does 26 divide 84344?
True
Is 861 a multiple of 2?
False
Is 14 a factor of 11210?
False
Is 335 a multiple of 67?
True
Is 1836 a multiple of 102?
True
Is 501 a multiple of 62?
False
Does 123 divide 15990?
True
Does 8 divide 501?
False
Does 42 divide 3444?
True
Does 6 divide 6600?
True
Does 23 divide 598?
True
Is 452 a multiple of 17?
False
Is 4 a factor of 25176?
True
Is 49 a factor of 19845?
True
Is 84 a factor of 916?
False
Is 7792 a multiple of 4?
True
Is 48 a multiple of 12?
True
Is 8856 a multiple of 216?
True
Is 5 a factor of 2938?
False
Does 9 divide 9243?
True
Does 78 divide 1326?
True
Is 78448 a multiple of 9?
False
Is 533 a multiple of 13?
True
Does 23 divide 841?
False
Does 17 divide 1751?
True
Is 27 a factor of 81?
True
Is 236 a multiple of 7?
False
Is 55 a factor of 1595?
True
Is 8910 a multiple of 5?
True
Does 64 divide 20800?
True
Does 80 divide 1920?
True
Does 59 divide 7198?
True
Is 3210 a multiple of 107?
True
Is 3 a factor of 2739?
True
Is 1237 a multiple of 26?
False
Is 4554 a multiple of 13?
False
Is 10 a factor of 500?
True
Is 91 a factor of 70616?
True
Does 13 divide 103801?
False
Is 4191 a multiple of 17?
False
Does 8 divide 1585?
False
Is 23 a factor of 1449?
True
Is 760 a multiple of 10?
True
Is 65 a factor of 130?
True
Is 199 a factor of 6567?
True
Does 37 divide 41846?
False
Does 10 divide 680?
True
Does 19 divide 13243?
True
Is 20 a factor of 100?
True
Does 39 divide 3452?
False
Is 6 a factor of 29790?
True
Does 300 divide 12900?
True
Does 17 divide 2200?
False
Does 5 divide 809?
False
Does 36 divide 828?
True
Does 3 divide 621?
True
Is 247 a multiple of 4?
False
Is 31497 a multiple of 6?
False
Does 15 divide 1864?
False
Is 22 a factor of 44?
True
Is 45640 a multiple of 14?
True
Is 2643 a multiple of 107?
False
Is 17484 a multiple of 188?
True
Does 33 divide 660?
True
Does 14 divide 5087?
False
Is 196 a factor of 2352?
True
Is 86 a multiple of 3?
False
Is 108 a factor of 12650?
False
Is 18 a factor of 2744?
False
Is 6718 a multiple of 10?
False
Does 80 divide 5760?
True
Is 39 a factor of 409?
False
Does 76 divide 7641?
False
Is 89000 a multiple of 25?
True
Is 51 a factor of 153?
True
Does 15 divide 2175?
True
Does 5 divide 700?
True
Is 1230 a multiple of 30?
True
Is 23347 a multiple of 50?
False
Is 27259 a multiple of 14?
False
Is 13 a factor of 741?
True
Is 49564 a multiple of 29?
False
Is 1100 a multiple of 20?
True
Is 3843 a multiple of 61?
True
Is 104 a factor of 7592?
True
Does 27 divide 47844?
True
Is 251 a multiple of 124?
False
Is 115 a factor of 1610?
True
Is 116 a multiple of 2?
True
Is 7 a factor of 756?
True
Is 114 a factor of 3805?
False
Is 56316 a multiple of 13?
True
Is 168 a factor of 17616?
False
Is 6600 a multiple of 75?
True
Does 3 divide 67?
False
Does 38 divide 494?
True
Is 19044 a multiple of 207?
True
Is 1584 a multiple of 72?
True
Is 1600 a multiple of 20?
True
Is 709 a multiple of 13?
False
Is 105 a multiple of 2?
False
Does 358 divide 119691?
False
Is 49 a factor of 22498?
False
Is 930 a multiple of 186?
True
Does 190 divide 2470?
True
Does 6 divide 1523?
False
Is 750 a multiple of 6?
True
Is 94 a multiple of 4?
False
Is 345 a multiple of 15?
True
Does 38 divide 4522?
True
Is 46306 a multiple of 26?
True
Is 3970 a multiple of 8?
False
Is 34 a factor of 1326?
True
Is 22 a factor of 1788?
False
Is 67 a multiple of 3?
False
Is 13 a factor of 3112?
False
Is 125 a multiple of 5?
True
Is 1413 a multiple of 23?
False
Does 76 divide 684?
True
Does 40 divide 678?
False
Does 12 divide 972?
True
Is 244 a factor of 23013?
False
Does 116 divide 12175?
False
Is 334 a multiple of 10?
False
Is 37908 a multiple of 78?
True
Does 26 divide 2514?
False
Does 11 divide 570?
False
Is 1166 a multiple of 53?
True
Does 15 divide 24421?
False
Is 763 a multiple of 7?
True
Is 98 a factor of 4900?
True
Is 15179 a multipl